. Is t(3) composite?
True
Let j(x) = 207354*x + 30. Let f be j(1). Suppose 5*g - 29*g = -f. Is g composite?
False
Let g = 286 - 285. Is g*(334 - (-3 + 6)) prime?
True
Is 19/(627/22) - (1 + (-2478380)/6) composite?
True
Let v be (-20)/2*(2725/(-10))/5. Let z = v - 342. Is z a composite number?
True
Let a(o) = 119*o**2 + 2. Let u be (-6)/4*156/(-9). Let c = 24 - u. Is a(c) composite?
True
Let l be 83/(2 + 179/(-90)). Suppose 4*a - l = -3*n + 6*n, 3*n = -4*a + 7458. Is a/4 + (-28)/(-8) + -3 a composite number?
False
Suppose 181*l = 199*l - 7362. Is l prime?
True
Let a(r) = -r**2 - 16*r - 10. Let n = 68 + -83. Let b be a(n). Is 8/(-10) - (-2859)/b prime?
True
Let o = -47075 - -108912. Is o a prime number?
True
Suppose -4*v + 358 = -3*t + 1314, 0 = -3*v + 5*t - 706. Let c = 1346 - v. Suppose 0*f + c = 4*f. Is f a composite number?
False
Suppose 9*n - 3*n = 20802. Suppose 2*c - 8406 = -4*d, -6290 + 16799 = 5*d + 3*c. Let m = n - d. Is m composite?
False
Let i(a) = 15*a**3 + 5*a**2 - 2*a - 11. Suppose 5*m = -2*z - 19, 10*z = 7*z - m + 4. Let p be i(z). Let j = 240 + p. Is j composite?
False
Suppose 4*s + 0*s + 1620 = 0. Let l = s + 76. Let i = l - -740. Is i prime?
False
Let t(d) = d**3 + 147*d**2 - 713*d - 328. Is t(-141) a prime number?
True
Suppose 0 = 2*l - 7*l + 30*l - 10519825. Is l a prime number?
False
Is (-890755)/60*-4*(5 - -25)/10 prime?
True
Let o = -671 - -378. Let m = o + 376. Is m a prime number?
True
Suppose 5*y - 353888 = 3*w, 0 = y - 3*w - 45453 - 25327. Is y prime?
False
Let v be (4 - 220441/52)*(-16)/(-6). Let g = -5755 - v. Is g composite?
True
Let a = 786056 + -391383. Is a composite?
False
Suppose 5*z - 174047 = 2*d, 13*z + 5*d = 10*z + 104391. Is z a prime number?
True
Let w = 171 + -174. Is (1 - w) + -5 + (2610 - 4) a prime number?
False
Let q be (-228)/39 - (-12)/(-78). Let p be -1*2/q + (-28)/(-6). Suppose 0 = w - p, 4*n + 5*w + 230 - 1051 = 0. Is n prime?
True
Let s(v) = 249*v**3 - 7*v**2 + 6*v + 15. Is s(8) composite?
False
Let a be (-3 - 1406/10)/((-32)/80). Suppose -75 = o + 73. Let n = a + o. Is n prime?
True
Let k be (-4)/6*(-32 + -10). Suppose -k - 2 = -6*g. Suppose -11*y = -g*y - 5214. Is y composite?
True
Let w = 57 - 63. Let a(p) = -p**2 - 5*p - 10. Let d be a(w). Is (-3)/(-2) - 2 - 1144/d a composite number?
False
Suppose 2*r = 3*j - 15, -3*r = 2*j + j. Suppose -9 = h + 3*t, -23 = -3*h - 2*t + j*t. Is ((-6)/(-9))/((-5)/((-23445)/h)) a prime number?
True
Let z(b) = 45*b**2 - 57*b + 22. Let r = -832 + 817. Is z(r) composite?
True
Is 20518956/204 - (18/(-2448) + (-1)/(-8)) composite?
True
Let i be (-2)/(-7) - 8*95/(-35). Let t(d) = -2*d + 52. Let y be t(i). Is (2595/6)/(((-28)/y)/(-7)) composite?
True
Suppose 281020 = -62*l + 82*l. Is l prime?
True
Suppose -3*b = -b + 5*n - 41, 4*b - 127 = 5*n. Is 683124/b + 10/(-35) a prime number?
False
Let v = -174 + 116. Let z = v + 65. Suppose -5*r - 398 = -z*r. Is r composite?
False
Let f(o) = 18*o**3 - 4*o**2 + 3*o - 1. Let c be f(1). Let z(r) = 1272*r - 191. Is z(c) composite?
False
Is (1 + 1179056)*6/(-18)*(-1)/1 a composite number?
True
Let b(l) = l**3 - 22*l**2 - 6*l - 1. Let f(a) = -a. Let h(u) = -b(u) + 2*f(u). Is h(18) a prime number?
False
Let y(r) = -2*r**3 + r**2 + 1. Let c(q) = 13*q**3 + 22*q**2 - 26*q + 9. Let o(l) = c(l) + 6*y(l). Suppose 5 = b + 27. Is o(b) composite?
False
Suppose -3*n + 2*g + 3*g + 10 = 0, -2*n - 3*g = 6. Suppose -12*a + 20 + 16 = n. Suppose 3*w - 2*y = a*y + 1201, 0 = 2*w + 5*y - 834. Is w composite?
True
Let u = -54368 - -14234. Let i = -13583 - u. Is i prime?
False
Suppose 6 = -5*v + 2*b + 32, -2*b - 6 = 0. Suppose -4*c - 1012 = t, -505 = -v*t - c - 4523. Let j = t + 1561. Is j a prime number?
True
Suppose 4*y + 4*k + k = -21, 0 = -2*y + 3*k + 17. Suppose -y = -f - 9. Is (27/(-4) - f/(-32))*-29 prime?
False
Let n(b) = b**3 - 8*b**2 - 13*b - 9. Let p be n(10). Suppose -4*h = 4*r - 168, -p = 4*h - 5*r - 274. Let i = 57 - h. Is i a prime number?
False
Let i = 14 - 38. Let l be 598/6 - (-3 - i/9). Is 21380/l - 8/10 prime?
False
Suppose -5*j + 192698 = -u, -966*u = -5*j - 962*u + 192707. Is j composite?
True
Suppose 0 = -14*d + 18*d - 797024. Suppose 0 = -57*k + 49*k + d. Is k composite?
False
Suppose 6*s = 82 - 82. Let c(n) = n**2 - 3*n + 3831. Is c(s) composite?
True
Let c be (-85)/(-1) - (-6)/(-6 - -4). Suppose 561 = z + c. Is z prime?
True
Let w(x) = -x**2 - 18*x - 14. Let r be w(-12). Let k = 61 - r. Suppose 4*f = -2*u + 264, -5*f = k*u - 211 - 118. Is f composite?
False
Suppose -2*m = -3 - 1. Let k = -392 + 392. Suppose k = -3*h + 4*s + 3957, -m*s - 5276 = -4*h + s. Is h prime?
True
Let k(j) = 11*j**2 + 89*j - 1321. Is k(-133) a composite number?
False
Let z = -128 - -335. Let i(j) = j**2 + 13*j + 53. Let s be i(26). Suppose -4*p - 5*u = -s, -3*p = -u - 579 - z. Is p a composite number?
False
Suppose -25*t - 67*t + 52192589 = 105*t. Is t composite?
True
Let r be (-4684)/(20/(-84) + 6/(-14)). Let o = 11960 - r. Is o prime?
False
Is (((-10368534)/(-12))/11)/((-2)/(-4)) a prime number?
False
Let k be (-3 - 12) + 6 - -5. Let a(f) = 292*f**2 - 13*f - 19. Is a(k) prime?
False
Let y = -80 + 80. Let j(w) = 95 + y*w + 0*w - 2*w + w. Is j(0) prime?
False
Suppose 4*z - 359231 = -6*z + 213459. Is z composite?
False
Let z = 20 + 486. Let b = 51 + z. Is b a composite number?
False
Suppose 64 = 7*t + t. Suppose -t*w + 1 = -47. Suppose 5*j = w*j - 1559. Is j a composite number?
False
Suppose -41 + 49 = 18*q - 136. Let i = -3 - -6. Suppose i*u - q*u = -1535. Is u a composite number?
False
Let q be ((-22485)/9)/(1/3). Let c = q + 11031. Let n = c - 1759. Is n composite?
False
Let g be (0 - 5/(4 + 1)) + 1. Suppose -y - 20 + 669 = g. Is y prime?
False
Suppose 2*h = 4*y - 18, 17*h = 14*h - 3. Suppose 1149 = y*f - 1015. Is f a composite number?
False
Let f(u) = -8*u**2 - 3*u + 18. Let s be f(0). Suppose s*z = o + 21*z - 18962, o = z + 18966. Is o a composite number?
True
Suppose 7*s - 199 + 10 = 0. Suppose -716 = -4*j + 3*y, -s*j + 2*y = -24*j - 537. Is j a prime number?
True
Let c(j) = -3 + j**3 + 0*j**3 + j**2 - 4*j - 2*j**2. Let z be c(3). Suppose 3*p = 2*u + 1937, 4*u = z*p + u - 1935. Is p prime?
True
Let j be (-8 - -9)/(2 - 10/6). Suppose -5*c + 61320 = j*c. Suppose 5*n + 3*z - 8195 = 0, 5*n - c - 570 = 5*z. Is n a prime number?
False
Is 1/((-4)/(-278868)*3) composite?
True
Let n(w) = -165*w + 3 + 562*w - 2. Let o be n(5). Suppose 1418 = 4*q - o. Is q composite?
True
Let j = -455 + 781. Suppose v + 1165 = 4*y - 82, -5*v = -y + j. Suppose -4*d + y = -317. Is d a prime number?
True
Suppose -155*c + 120385 + 494115 = -589695. Is c composite?
True
Let u(b) = 9117*b + 110. Is u(7) a composite number?
False
Suppose -56*t + 8 = -52*t. Is ((-1642)/(-1))/(6 + (-2 - t)) a composite number?
False
Let k(p) = -12*p**3 - 7*p**2 - 16*p + 7. Let v be k(-5). Suppose -v = -3*m + 6745. Is m a composite number?
False
Is (348/464)/(459305/(-459308) + 1) a prime number?
True
Suppose -690*z - 12578356 = -718*z. Is z composite?
False
Suppose 16*a = 2274 + 2398. Suppose -293*g = -a*g - 789. Is g a prime number?
False
Let a = -377723 + 888630. Is a a prime number?
True
Let w(z) = z**3 - 4*z**2 - 2*z - 10. Let y be w(5). Suppose 4*c - 12 = 0, -4*q + 1 + 134 = y*c. Suppose 11*s - q*s + 4009 = 0. Is s a prime number?
True
Let f(m) = 10*m**3 + 3*m**2 + m - 4. Suppose 203*j - 200*j - 21 = 0. Let h be f(j). Suppose 16*r - h = 12*r. Is r prime?
False
Let c = -2767 - -6258. Is c composite?
False
Suppose -83*v + 245*v - 113*v - 8056286 = 0. Is v a prime number?
False
Is 5227676/8 + 42/28 a prime number?
True
Suppose 158782 = 3*b + 15*j - 10*j, 2*b = -4*j + 105858. Is b a prime number?
True
Suppose -a + 3*m - 157 = -3*a, -3*a + 234 = 5*m. Let w = -77 + a. Is (3492/54)/(4/w) a composite number?
False
Let f(v) = v**2 + 12*v + 30. Let t = 60 + -66. Let w be f(t). Let z(q) = -55*q + 17. Is z(w) a prime number?
True
Suppose 12 = -2*c + 4*c - 3*f, c - f = 8. Let l(u) = 14*u**3 + 14*u**2 + 24*u - 14. Is l(c) prime?
False
Let l(u) = 538*u**3 - 9*u**2 + 21*u - 5. Is l(3) a prime number?
True
Suppose 0 = 25*m + 12627 - 39677. Suppose -4*p - 5*z + 1993 = 0, 4*z - 31 = -11. Let o = p + m. Is o a prime number?
False
Suppose -3420 = -9*l + 8010. Let u = 6141 + l. Is u a prime number?
True
Suppose -5